 3*k - 5. Let s(o) = 11*o**3 - 18*o**2 + 4*o + 7. Let y(l) = r*h(l) - 5*s(l). Determine y(5).
0
Let c(r) = r**2 + 11*r - 9. Let s be c(-12). Let a be -5*(s - 2)/1. Let n(v) = v - 2. What is n(a)?
-7
Let n = 33 + -27. Let s(i) = -i + 1. Calculate s(n).
-5
Let x(g) be the third derivative of -3*g**2 + 1/15*g**5 + 0*g + 0 + 1/12*g**4 + 1/6*g**3. Let k = 3 - 4. Give x(k).
3
Let q(a) = 2*a + 2. Let z be q(-4). Let f(r) = 12*r**2 + 16*r + 14. Let w(v) = -5*v**2 - 8*v - 7. Let p(s) = -2*f(s) - 5*w(s). Calculate p(z).
-5
Let b(r) be the first derivative of -r**4/12 - 7*r**3/6 - 2*r**2 + 6*r + 5. Let s(a) be the first derivative of b(a). What is s(-3)?
8
Suppose 4*h + 10*d - 8 = 14*d, 4*h - 32 = -4*d. Let j(k) = k**3 - 6*k**2 + 5*k + 2. Give j(h).
2
Let t(h) = -3 - 4 - 2 + 2 - 9*h - h**2. Let q be t(-8). Let a(s) = 0*s**3 - 2*s - 1 + 2*s**2 + 7*s**3 + 2. What is a(q)?
8
Let a(q) = q**3 + 6*q**2 + q + 5. Suppose 4*m - 208 + 232 = 0. Calculate a(m).
-1
Let r(x) = -x**3 - 5*x**2 + x. Let w(h) = -h**3 - 4*h**2 + 2*h - 1. Let l(k) = -2*r(k) + 3*w(k). What is l(2)?
-11
Suppose 3*d - 4*d + 2 = 0. Suppose -3*g + 2*g + 3 = 3*u, 4*u = -d*g. Let z(p) = -p**2 - 8*p - 7. Determine z(g).
5
Let k(q) = q + 7. Let i = 15 + -15. Determine k(i).
7
Let c(z) be the second derivative of z**6/12 - z**5/60 + z**3/6 + z**2 + 5*z. Let k(h) be the first derivative of c(h). What is k(-1)?
-10
Let l(h) = h + 2*h**2 - h**3 + 4*h**2 - 5*h**2. Suppose 0 = 3*x + 5 - 2, -3*x - 7 = q. Let m = q + 3. What is l(m)?
1
Suppose 5*m = -4*w + 34 + 3, 0 = -4*w - 3*m + 27. Let r(y) = -2*y - 5 - w + 1. Suppose d - 2*v + 3 = 0, 4*v - 25 + 4 = 5*d. What is r(d)?
3
Suppose 3*g = -0 + 9. Let f(i) = -i**3 + 2 + i**2 - 4*i + 2*i + 2*i**2. Calculate f(g).
-4
Suppose -5*j - 3*f - 41 = 0, 5*f + 38 = -0*j - 4*j. Let v(z) = z**2 + 5*z. Let b(n) = -n**2 - 4*n. Let s(u) = 3*b(u) + 4*v(u). Determine s(j).
-7
Let i = 2 - 2. Suppose 4*z + 8 + 8 = i. Let p(a) be the first derivative of a**3/3 + 7*a**2/2 + 6*a + 1. Calculate p(z).
-6
Let i(g) = -5*g + 1. Let f(t) = -4*t + 1. Let h(x) = -4*f(x) + 3*i(x). Suppose 4 + 1 = -5*n. Let a(s) = 4*s**2 + 1. Let q be a(n). Determine h(q).
4
Let w(g) = 2*g**3 - 4*g**2 + 2. Let v be w(2). Let y(l) = -l**2 + 2*l. Determine y(v).
0
Let c(u) be the second derivative of -u**5/20 - u**4/12 + u**3/6 - 4*u**2 + u. Suppose 0*n - 4 = -4*n. Let v be (0/6)/(n - 3). Give c(v).
-8
Let v(j) be the first derivative of -j**4/4 - 2*j**3 - 2*j**2 - 3*j - 3. Let q be (-6)/9 - 39/9. Give v(q).
-8
Let q(r) = r**2 + 7*r - 5. Let x(f) = 4*f**2 + 21*f - 15. Let o(l) = 7*q(l) - 2*x(l). What is o(7)?
-5
Let i(v) be the second derivative of -v**4/4 - v**3/3 + v**2 + v. Determine i(-2).
-6
Let g(j) = 3*j + 1. Let p(y) = 4*y + 1. Let q(h) = 7*g(h) - 5*p(h). Calculate q(-4).
-2
Let b(v) = 10*v**2 + 2*v + 1. Suppose -2*c = -2*g - 5*c + 10, -3*g - 5*c + 17 = 0. What is b(g)?
9
Let p(i) = i**3 + i**2 - i. Let d = -3 + -2. Let z = -5 - d. Give p(z).
0
Let l(o) = -9*o + 0*o - o**2 + 5 + 8*o. Give l(0).
5
Let m(h) = -1 + 5 + 2*h + 0*h - 3. Give m(2).
5
Let h(k) = k**2 - 2*k + 5. Let q(c) = 8*c + 4*c**2 - 9 - 4*c - 6*c**2. Let l(j) = 7*h(j) + 4*q(j). Calculate l(4).
-9
Let o(h) be the second derivative of -h**5/20 - h**4/3 - h**3/3 - 2*h**2 - h. Let c = 16 + 6. Let w = 19 - c. What is o(w)?
-7
Let v = 182 + -180. Let s(z) = 4*z**2 - 6*z - 4. Let g(j) = 7*j + 10 + 2*j**2 - 5 - 7*j**2. Let a(m) = 6*g(m) + 7*s(m). Give a(v).
-6
Let f(t) = -17*t**3 + 5*t**2 - 17*t - 9. Let d(w) = -4*w**3 + w**2 - 4*w - 2. Let h(y) = 26*d(y) - 6*f(y). Determine h(-2).
6
Suppose -k = -4*g + 3 - 33, 4*k - 5*g = 65. Suppose r - 2 = -3*t, 5*r + 22 = 2*t - t. Let z be k/r*(-6)/3. Let a(m) = -m**3 + 6*m**2 - 3*m - 2. Determine a(z).
8
Suppose 0 = -2*f - 0*f. Let d(t) be the third derivative of -t**4/24 + t**3/6 + 3*t**2. Determine d(f).
1
Let b(p) = 4*p + 5. Let i(f) = -f - 1. Let w be i(2). Let a = w - 1. Determine b(a).
-11
Let c(j) = j - 6. Let d(i) = 2*i - 5. Let a(h) = 5*c(h) - 4*d(h). Give a(-5).
5
Let k(t) = -9*t**2 - 17*t + 3. Let z(q) = 4*q**2 + 8*q - 2. Let h(y) = 2*k(y) + 5*z(y). Calculate h(-5).
16
Let d(s) = -s**2 - 18*s - 17. Let x be d(-17). Let g(h) = -h**3 + h**2. Calculate g(x).
0
Let q(z) = z**3 - 5*z**2 + z + 3. Let h = 2 - -2. Suppose 0*u - u - 3*x + 10 = 0, 2*x = -h*u + 20. Give q(u).
-9
Let b(t) = 2*t**2 + t. Suppose -9*p = -4*p - 15. Give b(p).
21
Let a(l) be the third derivative of -l**4/24 - 3*l**3/2 - 14*l**2. Calculate a(-7).
-2
Let r = 3 - -4. Let s(j) = 11*j + 2. Let v(k) = 12*k + 3. Let o(g) = r*s(g) - 6*v(g). Calculate o(3).
11
Let z = -11 - -16. Suppose -5 = z*o + 15. Let t(r) = -r + 3. Calculate t(o).
7
Let i be (-1)/(-2)*(-8)/4. Let d(o) = -10*o**2 + o + 1. Calculate d(i).
-10
Let w(z) = z + 1. Let j(f) = 4*f + 4. Let i(x) = 6*j(x) - 28*w(x). Calculate i(-3).
8
Let b(m) = m**3 + 11*m**2 + 4*m - 5. Let g(r) = -r**2 + 1. Let w(n) = -b(n) - 6*g(n). Give w(-3).
-7
Let q(r) = -2*r**2 + 1. Suppose 8*s = 3*s + 35. Let n = 9 - s. Give q(n).
-7
Suppose 4*r + 1 = -15. Let m(f) = -2 + 0 + 1 - 3*f - f**2 - 4. What is m(r)?
-9
Let m(y) = 7*y**2 + 3*y + 1. Suppose 6*q + 5 + 7 = 0. Determine m(q).
23
Suppose -1 - 2 = -3*t. Let j(k) = 5 - 2*k**2 - t - 1 + 5*k. Let o be (-52)/(-14) + 2/7. Give j(o).
-9
Suppose -q - 2*w = -5*w + 5, 3*q = w + 9. Let v(b) be the second derivative of 0 + 3*b + b**3 + 3*b**2 + 1/12*b**q. Give v(-5).
1
Let o(a) = -12*a**3 + a**2 + a - 4. Let z(u) = -11*u**3 - 3. Let h(i) = -2*o(i) + 3*z(i). Determine h(-1).
8
Let w = 64 - 74. Let r(z) = z**2 + 10*z + 9. Calculate r(w).
9
Let m(y) be the third derivative of 0 + 1/2*y**3 + 1/60*y**5 + 3*y**2 + 0*y + 0*y**4. Suppose -2*f - 2*t - 10 = 0, f - 6*f + 4*t - 7 = 0. What is m(f)?
12
Let x = -23 + 19. Let f(g) = -g - 8. Give f(x).
-4
Let h(v) = v**3 + 7*v**2 - 7*v + 9. Let u be h(-8). Let c(q) = 2*q - 4*q**2 + 0 + q + 3*q**2 - u. Determine c(3).
-1
Let u(h) be the first derivative of h**3/3 - 4*h**2 + 4*h + 6. What is u(5)?
-11
Let u(w) = -2*w**2 + 0*w + 5*w**3 + 1 + 0*w. Let n = 3 + -1. Suppose 4*c - 7 = -3*k - 2, 0 = -n*c - 4*k + 10. Calculate u(c).
-6
Let b(y) = -y + 2 - 2*y + y + 3*y. Suppose 3*l = 4*g - 15, 6 = 4*g - 2*l - 4. Suppose 2*q + 1 - 5 = g. Determine b(q).
4
Let m(k) = 2*k - 7. Let g = 43 - 38. Calculate m(g).
3
Let j(n) = -n**2 + 6*n - 2. Let q be j(4). Let m = 6 - q. Let d(u) = 2 - 5 + m + u**2 - 6*u + u. Calculate d(4).
-7
Let w be (3/6)/((-1)/(-2)). Let c be (w/2)/(1/8). Let s(d) = -3*d - 1. Let k(t) = 5*t + 2. Let o(v) = c*k(v) + 7*s(v). Give o(2).
-1
Let r(i) = -2*i**3 - 6*i**2 + 3*i**3 - 2*i + 1 + 7*i**2. Determine r(-2).
1
Suppose -s = -3*s + 2. Let y(p) be the second derivative of -1/2*p**2 + 1/6*p**3 + 0 - 1/12*p**4 + 9/20*p**5 + 2*p. What is y(s)?
8
Let x(c) be the third derivative of c**6/24 - c**5/60 - 7*c**2. Let y(w) = w**2 - 4*w + 4. Let l be y(3). Suppose -2*n + n - l = 0. What is x(n)?
-6
Let m(j) = 7*j**2 - 4*j - 3 - 6 + 8*j. Let f(k) = -4*k**2 - 2*k + 5. Let z(o) = -5*f(o) - 3*m(o). Suppose 0 = -2*a + 2*x - 3*x - 13, -2*a - 5*x = 33. Give z(a).
-6
Let i(f) = -f**2 + 5*f - 4. Let m(x) = 2*x + 1. Let y be 2/(-4*3/(-6)). Let h be m(y). Calculate i(h).
2
Let y(c) = c**3 + 6*c**2 - 9*c - 10. Let j be y(-7). Let d be (6/j)/((-18)/(-12)). Let n(a) = -2*a - 1. Calculate n(d).
-3
Let l = -6 - -17. Let n = -6 + l. Let b(u) = -u**3 + 4*u**2 + 7*u - 3. What is b(n)?
7
Let j be 24/(-3) + -1 + 2. Let c(h) = h**3 + 6*h**2 - 8*h - 6. Give c(j).
1
Suppose 5*q + 8 = -17. Let y be (2/q)/(6/(-15)). Let h(r) = -4*r**3 - 1 + r**2 - 2*r**2 + r + 2*r**2. Calculate h(y).
-3
Let x(t) be the third derivative of -t**5/60 - t**4/6 - t**3/3 + 23*t**2. Calculate x(-2).
2
Let m(t) = -3*t**2 - 5*t + 5. Let b(f) = -16*f**2 - 25*f + 26. Let y(u) = -2*b(u) + 11*m(u). Suppose q = -7 + 3. What is y(q)?
7
Let b(o) be the second derivative of o**5/20 + 7*o**4/12 + 7*o**3/6 + 9*o**2/2 - 26*o + 2. Calculate b(-6).
3
Let l(q) = -11*q**2 - q + 1. Let y(u) = -12*u**2 - u + 1. Let h(w) = 5*l(w) - 4*y(w). Determine h(1).
-7
Let z(t) be the first derivative of t**2/2 - t - 62. Suppose 0 = 3*a + 4*m - 32, a - 13 = -4*m + 11. What is z(a)?
3
Let z be 3/((-1 - -2) + 0). Let c(l) = -3*l + 6 - 2 + 4*l - 2. Calculate c(z).
5
Let u = 74 - 70. Let y(w) be the second deriv